{"id":56,"date":"2020-01-20T06:44:34","date_gmt":"2020-01-20T06:44:34","guid":{"rendered":"https:\/\/www.naftosdujos.lt\/?page_id=56"},"modified":"2024-11-19T18:38:03","modified_gmt":"2024-11-19T18:38:03","slug":"prekyba-suskystintomis-dujomis","status":"publish","type":"page","link":"https:\/\/www.naftosdujos.lt\/index.php\/prekyba-suskystintomis-dujomis\/","title":{"rendered":"Prekyba suskystintomis dujomis"},"content":{"rendered":"\n<p><strong>UAB \u201cNaftos dujos <\/strong>&#8211; vykdo didmenine ir ma\u017emenine prekyba suskystintomis naftos&nbsp;dujomis.<\/p>\n\n\n\n<h2 class=\"wp-block-heading\">Buitini\u0173 duj\u0173 balion\u0173 u\u017esakymai ir pristatymas \u012f namus:<\/h2>\n\n\n\n<p>Ma\u017eeiki\u0173 raj. &#8211; tel. +370 443 67104, mob. tel. +370 680 23350<br>Panev\u0117\u017eio raj. &#8211;&nbsp; mob. tel. +370 612 90994Kauno raj. \u2013 mob. tel. +370\u202f686 23154<br>\u0160ven\u010dioni\u0173 raj. &#8211; tel. +370 387 69444, mob. tel. +370 612 14259<br>Kauno raj. \u2013 mob. tel. +370\u202f686 23154<\/p>\n\n\n\n<div class=\"wp-block-group\"><div class=\"wp-block-group__inner-container is-layout-flow wp-block-group-is-layout-flow\">\n<p><\/p>\n\n\n<div class=\"wp-block-image\">\n<figure class=\"alignright size-large\"><img loading=\"lazy\" decoding=\"async\" width=\"768\" height=\"697\" src=\"https:\/\/www.naftosdujos.lt\/wp-content\/uploads\/2020\/01\/balionai-768x697-1.jpg\" alt=\"\" class=\"wp-image-63\" srcset=\"https:\/\/www.naftosdujos.lt\/wp-content\/uploads\/2020\/01\/balionai-768x697-1.jpg 768w, https:\/\/www.naftosdujos.lt\/wp-content\/uploads\/2020\/01\/balionai-768x697-1-300x272.jpg 300w\" sizes=\"auto, (max-width: 768px) 100vw, 768px\" \/><figcaption class=\"wp-element-caption\">12, 27, 46, 50, 79 l. talpos propano ir butano mi\u0161inio dujomis u\u017epildyti balionai\u00a0<br>27, 46, 50, 79 u\u017epildyti propano (ne ma\u017eiau 95 proc.) dujomis u\u017epildyti balionai\u00a0<\/figcaption><\/figure>\n<\/div>\n\n\n<figure class=\"wp-block-gallery has-nested-images columns-default is-cropped wp-block-gallery-1 is-layout-flex wp-block-gallery-is-layout-flex\">\n<figure class=\"wp-block-image size-large\"><img loading=\"lazy\" decoding=\"async\" width=\"1000\" height=\"907\" data-id=\"57\" src=\"https:\/\/www.naftosdujos.lt\/wp-content\/uploads\/2020\/01\/balionai.jpg\" alt=\"\" class=\"wp-image-57\" srcset=\"https:\/\/www.naftosdujos.lt\/wp-content\/uploads\/2020\/01\/balionai.jpg 1000w, https:\/\/www.naftosdujos.lt\/wp-content\/uploads\/2020\/01\/balionai-300x272.jpg 300w, https:\/\/www.naftosdujos.lt\/wp-content\/uploads\/2020\/01\/balionai-768x697.jpg 768w\" sizes=\"auto, (max-width: 1000px) 100vw, 1000px\" \/><\/figure>\n\n\n\n<figure class=\"wp-block-image size-large\"><img loading=\"lazy\" decoding=\"async\" width=\"474\" height=\"1024\" data-id=\"59\" src=\"https:\/\/www.naftosdujos.lt\/wp-content\/uploads\/2020\/01\/RV-balionai-\u017eiemai-koreguotas_Nr176-474x1024-2.jpg\" alt=\"\" class=\"wp-image-59\" srcset=\"https:\/\/www.naftosdujos.lt\/wp-content\/uploads\/2020\/01\/RV-balionai-\u017eiemai-koreguotas_Nr176-474x1024-2.jpg 474w, https:\/\/www.naftosdujos.lt\/wp-content\/uploads\/2020\/01\/RV-balionai-\u017eiemai-koreguotas_Nr176-474x1024-2-139x300.jpg 139w\" sizes=\"auto, (max-width: 474px) 100vw, 474px\" \/><\/figure>\n<\/figure>\n<\/div><\/div>\n","protected":false},"excerpt":{"rendered":"<p>UAB \u201cNaftos dujos &#8211; vykdo didmenine ir ma\u017emenine prekyba suskystintomis naftos&nbsp;dujomis. Buitini\u0173 duj\u0173 balion\u0173 u\u017esakymai ir pristatymas \u012f namus: Ma\u017eeiki\u0173 raj. &#8211; tel. +370 443 67104, mob. tel. +370 680 23350Panev\u0117\u017eio raj. &#8211;&nbsp; mob. tel. +370 612 90994Kauno raj. \u2013 mob. tel. +370\u202f686 23154\u0160ven\u010dioni\u0173 raj. &#8211; tel. +370 387 69444, mob. tel. +370 612 14259Kauno [&hellip;]<\/p>\n","protected":false},"author":1,"featured_media":61,"parent":0,"menu_order":0,"comment_status":"closed","ping_status":"closed","template":"","meta":{"footnotes":""},"class_list":["post-56","page","type-page","status-publish","has-post-thumbnail","hentry"],"jetpack_sharing_enabled":true,"_links":{"self":[{"href":"https:\/\/www.naftosdujos.lt\/index.php\/wp-json\/wp\/v2\/pages\/56","targetHints":{"allow":["GET"]}}],"collection":[{"href":"https:\/\/www.naftosdujos.lt\/index.php\/wp-json\/wp\/v2\/pages"}],"about":[{"href":"https:\/\/www.naftosdujos.lt\/index.php\/wp-json\/wp\/v2\/types\/page"}],"author":[{"embeddable":true,"href":"https:\/\/www.naftosdujos.lt\/index.php\/wp-json\/wp\/v2\/users\/1"}],"replies":[{"embeddable":true,"href":"https:\/\/www.naftosdujos.lt\/index.php\/wp-json\/wp\/v2\/comments?post=56"}],"version-history":[{"count":2,"href":"https:\/\/www.naftosdujos.lt\/index.php\/wp-json\/wp\/v2\/pages\/56\/revisions"}],"predecessor-version":[{"id":294,"href":"https:\/\/www.naftosdujos.lt\/index.php\/wp-json\/wp\/v2\/pages\/56\/revisions\/294"}],"wp:featuredmedia":[{"embeddable":true,"href":"https:\/\/www.naftosdujos.lt\/index.php\/wp-json\/wp\/v2\/media\/61"}],"wp:attachment":[{"href":"https:\/\/www.naftosdujos.lt\/index.php\/wp-json\/wp\/v2\/media?parent=56"}],"curies":[{"name":"wp","href":"https:\/\/api.w.org\/{rel}","templated":true}]}}